*2 - 8*g - 7. Determine w(-3).
8
Let j(a) = -a**2 + 5*a + 6. Calculate j(-8).
-98
Let a(n) = 2*n**2 - 5*n + 43. Determine a(7).
106
Let x(k) = k**2 - 16*k - 15. Determine x(15).
-30
Let q(f) = -f**2 - 17*f + 24. Calculate q(-18).
6
Let h(i) = i**3 + 10*i**2 - 4*i - 48. What is h(-10)?
-8
Let x(n) = -8*n**2 - 5*n + 5. Give x(1).
-8
Let w(j) = j**3 - 8*j**2 + 12*j - 10. Calculate w(6).
-10
Let n(j) = 3*j + 1. Give n(7).
22
Let r(q) = -q**2 + 54*q + 576. Calculate r(-9).
9
Let y(z) = -120*z - 246. What is y(-2)?
-6
Let i(v) = 8*v**2 - 74*v + 20. What is i(9)?
2
Let j(m) = m**2 + 8*m + 28. Give j(-9).
37
Let b(u) = u**3 - 15*u**2 + 18*u - 15. Calculate b(14).
41
Let o(p) = -p**3 - 12*p**2 - 12*p - 18. Determine o(-11).
-7
Let p(a) = -30*a**2 + a. Calculate p(1).
-29
Let l(x) = 4*x + 26. Determine l(12).
74
Let b(f) = f**3 + 6*f**2 - 8*f - 2. Give b(-7).
5
Let s(v) = v**3 - 31*v**2 - 31*v - 25. Determine s(32).
7
Let j(l) = 2*l**2 + 10*l + 14. Determine j(-7).
42
Let k(o) = o**3 - 10*o**2 - 9*o - 11. What is k(11)?
11
Let k(m) = -m**2 + 18*m + 126. Determine k(-6).
-18
Let c(u) = -u + 17. Determine c(10).
7
Let d(w) = -3*w**3 - 5*w**2 - 5*w - 3. Determine d(-3).
48
Let w(v) = -v**3 - 4*v**2 - 3*v - 7. Give w(-5).
33
Let x(z) = -z**2 + z - 16. Give x(0).
-16
Let u(p) = 2*p + 5. Calculate u(10).
25
Let c(f) = f**2 - 10*f - 371. Calculate c(25).
4
Let r(f) = -9*f - 9. Give r(-4).
27
Let d(i) = -14*i + 33. Give d(5).
-37
Let s(i) = i + 23. Determine s(-6).
17
Let h(r) = r**3 + 28*r**2 - 31*r - 74. Determine h(-29).
-16
Let q(t) = -t**3 - 4*t**2 + 5*t - 3. Determine q(-4).
-23
Let d(p) = 29*p - 34. Determine d(-5).
-179
Let y(h) = -h - 19. Give y(-12).
-7
Let x(l) = -l**2 - 15*l - 36. What is x(-12)?
0
Let k(m) = m**2 + 5*m + 2. Determine k(-3).
-4
Let s(y) = 14*y**3 + 3*y**2 - 2*y. Determine s(1).
15
Let g(j) = j**2 - 15*j - 1. Give g(11).
-45
Let x(n) = -n**3 - 20*n**2 + 20*n - 12. What is x(-21)?
9
Let n(m) = -m + 19. Give n(14).
5
Let t(v) = -4*v**3 + 4*v**2 + 4*v - 5. Calculate t(2).
-13
Let r(t) = t**2 + 22*t + 25. Determine r(-21).
4
Let o(p) = -10*p + 98. Determine o(14).
-42
Let a(f) = f**2 + f - 51. Give a(0).
-51
Let u(a) = -3*a**2 - 17*a - 8. Calculate u(-7).
-36
Let k(m) = m**2 - 6*m + 3. Give k(6).
3
Let f(z) = 11*z + 5. Give f(-9).
-94
Let r(i) = 2*i**2 - 14*i + 28. Give r(6).
16
Let z(s) = s**3 + 24*s**2 - 15*s + 257. What is z(-25)?
7
Let w(h) = -h**2 + 109*h - 1704. Give w(90).
6
Let y(m) = m**3 - 9*m**2 + 9*m - 11. What is y(8)?
-3
Let h(z) = 18*z - 2. Determine h(-2).
-38
Let c(r) = -6*r**2 + 6*r - 3. Give c(4).
-75
Let b(j) = -j**3 + 5*j**2 + 6*j + 5. Calculate b(6).
5
Let f(h) = -6*h - 207. Calculate f(-34).
-3
Let w(m) = 3*m + 10. What is w(5)?
25
Let y(j) = -j**2 + 35*j - 31. What is y(36)?
-67
Let p(v) = 2*v**3 - 2*v**2 - 8*v + 4. What is p(3)?
16
Let y(t) = 2*t**3 + 45*t**2 - 20*t + 53. What is y(-23)?
-16
Let i(p) = -4*p - 3. Calculate i(-6).
21
Let w(z) = -z**2 - z + 13. Determine w(4).
-7
Let v(j) = -19*j - 135. Determine v(-9).
36
Let m(j) = -j**3 + 18*j**2 + 39*j + 15. Give m(20).
-5
Let m(d) = d**3 + 7*d**2 - 8*d + 9. Give m(-8).
9
Let z(w) = 3*w + 18. Determine z(-7).
-3
Let z(o) = o**3 - 14*o**2 + 14*o - 17. Calculate z(13).
-4
Let q(n) = 4*n**3 - 16*n**2 - 3*n + 5. Determine q(4).
-7
Let w(r) = -r**3 + 2*r**2 + 10*r - 8. Give w(4).
0
Let a(h) = 9*h - 1. What is a(-3)?
-28
Let k(h) = 12*h - 410. What is k(36)?
22
Let j(w) = 2*w**3 + 9*w**2 - 3*w - 10. Determine j(-4).
18
Let r(d) = -10*d + 6. Give r(4).
-34
Let d(f) = -f**3 + 15*f**2 + 7*f + 3. Give d(15).
108
Let i(m) = 13*m - 56. Determine i(4).
-4
Let t(y) = -22*y + 932. Give t(42).
8
Let l(t) = -11*t**2 + 2*t + 3. Calculate l(-2).
-45
Let u(j) = -6*j - 203. Give u(-34).
1
Let t(x) = 4*x**2 - 44*x + 44. What is t(1)?
4
Let r(q) = q - 17. Determine r(13).
-4
Let a(m) = 3*m - 29. Give a(9).
-2
Let i(w) = 30*w - 177. What is i(6)?
3
Let v(c) = -13*c + 282. Give v(22).
-4
Let r(k) = k**3 - 5*k**2 + 6*k - 5. What is r(3)?
-5
Let n(c) = -c**3 - 3*c**2 - 3*c - 5. Determine n(-2).
-3
Let u(o) = 31*o + 371. What is u(-12)?
-1
Let h(x) = -x**3 + 13*x**2 + 3*x + 3. Calculate h(13).
42
Let c(g) = 15*g + 85. What is c(-6)?
-5
Let l(y) = y**3 - 10*y**2 - 8*y - 28. What is l(11)?
5
Let q(y) = 11*y - 5. Give q(-4).
-49
Let x(l) = -7*l**2 - 2. Determine x(1).
-9
Let t(b) = 2*b + 5. Give t(-8).
-11
Let m(n) = 7*n**2 - 8*n + 22. Calculate m(3).
61
Let c(j) = -2*j**2 + 3*j - 3. Give c(3).
-12
Let p(z) = -z**2 + 14*z - 38. What is p(11)?
-5
Let q(f) = -f**3 - 6*f**2 - 5*f - 8. Determine q(-4).
-20
Let r(p) = -2*p**2 + 14*p - 27. What is r(4)?
-3
Let s(p) = p**3 - 8*p**2 + p + 4. What is s(7)?
-38
Let w(j) = j**2 - 11*j + 5. Determine w(10).
-5
Let w(j) = j**3 + 10*j**2 + 5*j - 5. Determine w(-9).
31
Let p(a) = -4*a**3 - 1. Calculate p(-2).
31
Let k(x) = -x**3 - 26*x**2 + 56*x - 2. What is k(-28)?
-2
Let j(u) = -2*u - 4. Give j(-2).
0
Let j(b) = -b - 4. What is j(0)?
-4
Let l(t) = -t - 5. Determine l(4).
-9
Let g(u) = -u**3 + 6*u**2 + 5*u + 2. Give g(7).
-12
Let w(m) = 5*m**2 - 5*m + 2. What is w(3)?
32
Let n(d) = -d**3 - 4*d**2 - 4*d - 21. Calculate n(-4).
-5
Let q(x) = -9*x - 1. Give q(-1).
8
Let v(y) = y**2 + 8*y + 2. What is v(-9)?
11
Let s(o) = 2*o**2 - 31*o + 7. Determine s(15).
-8
Let u(c) = -49*c - 7. Calculate u(-3).
140
Let x(g) = -g + 3. Calculate x(3).
0
Let g(t) = -t - 14. Determine g(-15).
1
Let m(h) = -3*h + 51. Determine m(18).
-3
Let y(c) = -c - 3. Determine y(-7).
4
Let c(k) = -52*k**2 + 3*k - 2. Determine c(1).
-51
Let y(r) = r + 12. Determine y(-8).
4
Let j(c) = 2*c**3 - 23*c**2 + 64*c + 14. Give j(6).
2
Let q(n) = 15*n + 294. Give q(-19).
9
Let r(t) = 38*t. Calculate r(1).
38
Let d(k) = 2*k - 5. What is d(17)?
29
Let t(m) = -m**2 + 16*m - 38. Determine t(10).
22
Let u(d) = -d**2 + 5*d + 7. Determine u(8).
-17
Let c(z) = -z**2 - z + 1. Give c(2).
-5
Let x(c) = -c**3 - 3*c**2 + 3*c + 4. Give x(-4).
8
Let t(a) = a**3 - 17*a**2 + 71*a - 3. Give t(7).
4
Let k(f) = f**3 - 20*f**2 + 19*f - 6. Calculate k(19).
-6
Let f(i) = 2*i + 6. Calculate f(2).
10
Let p(n) = -2*n**3 + n**2 + 5*n - 5. Calculate p(3).
-35
Let z(y) = y + 1. Give z(-8).
-7
Let c(r) = r**2 - 6*r - 7. What is c(8)?
9
Let i(m) = -m**2 + 15*m - 18. Determine i(13).
8
Let z(p) = 3*p - 13. What is z(0)?
-13
Let d(z) = 4*z - 14. Give d(5).
6
Let b(z) = 2*z**2 + 3*z. Calculate b(-4).
20
Let l(q) = -q**2 - 7*q + 34. Determine l(-11).
-10
Let j(m) = -m**3 - 5*m**2 - 4*m + 2. Determine j(-4).
2
Let h(f) = -f**3 - 40*f**2 - f - 32. What is h(-40)?
8
Let x(k) = -3*k**3 + k**2 - k - 2. What is x(-1)?
3
Let t(n) = n**3 + 4*n**2 - 11*n + 4. What is t(-6)?
-2
Let v(k) = k**3 + 8*k**2 + 2. Calculate v(-8).
2
Let l(k) = k**2 - 2*k - 1. What is l(-1)?
2
Let n(i) = -2*i**3 - 15*i**2 + 50*i + 7. Determine n(-10).
7
Let j(u) = u**3 + 12*u**2. What is j(-12)?
0
Let m(t) = -t + 13. Determine m(5).
8
Let t(q) = 6*q + 50. Calculate t(-12).
-22
Let n(t) = -8*t + 86. What is n(10)?
6
Let w(m) = m**3 + 7*m**2 + 9*m + 14. Calculate w(-5).
19
Let k(c) = c**3 + 13*c**2 - c - 21. Determine k(-13).
-8
Let x(i) = -i**3 + 15*i**2 - 17*i + 9. Calculate x(14).
-33
Let r(m) = 2*m + 2. What is r(6)?
14
Let h(f) = f**3 - 6*f**2 - 10*f + 16. Determine h(7).
-5
Let l(f) = 12*f**2. What is l(-1)?
12
Let l(p) = 11*p**3 + p**2 + 3*p + 2. What is l(-1)?
-11
Let a(f) = f**2 - 9*f - 5. Give a(6).
-23
Let y(u) = -u**2 - 3*u + 69. Determine y(-10).
-1
Let p(g) = -29*g - 65. What is p(-2)?
-7
Let x(v) = 2*v - 74. Calculate x(40).
6
Let r(h) = -2*h**3 + 36*h**2 - 4*h + 10. Determine r(18).
-62
Let i(o) = 3*o + 31. Calculate i(-10).
1
Let w(g) = -34*g**3 - 2*g**2 + 1. Determine w(-1).
33
Let i(z) = -z - 39. What is i(-13)?
-26
Let k(w) = -2*w - 15. Determine k(-8).
1
Let i(h) = -5*h**2 + 8. What is i(0)?
8
Let k(h) = 6*h - 54. Give k(9).
0
Let j(n) = -n**2 + 17*n + 306. Give j(-11).
-2
Let x(q) = -7*q**2 - 17*q - 36. Give x(-7).
-260
Let q(f) = f**3 - 10*f + 11. Give q(2).
-1
Let q(g) = -7*g**3 - g**2 - 2*g + 4. Give q(2).
-60
Let x(f) = 5*f - 8. Determine x(-3).
-23
Let k(a) = 2*a**2 - 6*a - 20. Give k(5).
0
Let h(x) = x + 7. Give h(5).
12
Let w(y) = -y**2 + 3*y + 7. Give w(5).
-3
Let t(x) = x**3 + x**2 - x - 1. Give t(-3).
-16
Let v(i) = 8*i + 3. Determine